0)?
370
Let g(s) = s**3 - 76*s**2 - 151*s - 395. Calculate g(78).
-5
Let v(l) = -53*l**2 - 107*l - 1. Give v(-2).
1
Let u(s) = 4*s**2 - 82*s - 16. Calculate u(20).
-56
Let u(f) = -10*f - 110. What is u(-4)?
-70
Let x(a) = 131*a - 961. What is x(7)?
-44
Let k(m) = -m**3 - 21*m**2 - 313*m - 6552. Determine k(-21).
21
Let l(t) = -33*t - 45. What is l(-3)?
54
Let z(i) = 71*i - 2093. What is z(31)?
108
Let q(b) = 2401*b + 19212. Give q(-8).
4
Let p(l) = -l**2 - 21*l - 16. What is p(-13)?
88
Let s(j) = -42*j + 4956. Determine s(124).
-252
Let h(i) = i**2 - 40*i - 1285. What is h(61)?
-4
Let g(o) = 2*o**3 + 17*o**2 + 4*o - 45. Calculate g(-8).
-13
Let u(y) = -70*y - 356. Calculate u(-5).
-6
Let o(p) = -2*p**2 - 248*p - 7459. Calculate o(-51).
-13
Let a(x) = x**2 - 210. Give a(12).
-66
Let i(y) = -4*y - 315. What is i(-34)?
-179
Let g(q) = 15*q - 154. What is g(8)?
-34
Let k(l) = 2*l**3 + 52*l**2 + 5*l + 136. Give k(-26).
6
Let n(w) = 100*w + 853. Calculate n(-8).
53
Let d(u) = 27*u + 3250. Give d(-118).
64
Let b(a) = -258*a - 525. What is b(-2)?
-9
Let v(o) = -15*o**2 + 9*o - 75. Calculate v(5).
-405
Let w(s) = -12*s + 202. What is w(10)?
82
Let f(o) = -43*o - 37. Give f(4).
-209
Let n(i) = 3855*i - 23139. Determine n(6).
-9
Let r(o) = 15*o**2 + 103*o - 10. Give r(-7).
4
Let s(b) = 14*b**3 - 2*b**2 - 12*b + 10. Calculate s(-3).
-350
Let o(w) = -98*w**2 + 977*w + 46. Give o(10).
16
Let o(t) = 8*t - 161. Calculate o(6).
-113
Let h(x) = 11*x**2 - 372*x + 44. Calculate h(34).
112
Let x(i) = -343*i + 278. Calculate x(1).
-65
Let f(l) = 3*l**2 - 245*l + 639. What is f(79)?
7
Let m(g) = -2*g**3 + 54*g**2 - 54*g - 1154. Determine m(25).
-4
Let z(x) = 198*x + 204. What is z(-3)?
-390
Let x(o) = o**3 + 17*o**2 - o + 2. What is x(-17)?
19
Let q(u) = -96*u - 787. What is q(-15)?
653
Let v(m) = 149*m - 7743. Calculate v(52).
5
Let p(q) = q**2 + 33*q - 107. What is p(3)?
1
Let g(n) = 865*n + 4297. Give g(-5).
-28
Let a(n) = -17*n + 230. What is a(9)?
77
Let c(b) = -2*b**3 + 29*b**2 + 54*b - 76. Calculate c(16).
20
Let q(y) = -2*y**3 + 22*y**2 - 5*y + 88. Give q(11).
33
Let q(x) = 1657*x - 311515. What is q(188)?
1
Let b(r) = 2*r**3 - r + 17. Calculate b(-3).
-34
Let a(y) = 26*y**2 - 1098*y + 1320. Calculate a(41).
8
Let m(o) = -28*o**2 + 77*o - 462. What is m(6)?
-1008
Let i(n) = 17*n - 83. Calculate i(-5).
-168
Let m(b) = -b**3 + 22*b**2 + 67*b + 213. Calculate m(25).
13
Let o(x) = -5*x**3 - 3*x**2 + 1. Calculate o(3).
-161
Let m(l) = -l**2 - 48*l + 1018. Calculate m(-63).
73
Let x(c) = c**3 - 11*c + 16. Calculate x(-3).
22
Let u(t) = 48*t + 418. Determine u(-12).
-158
Let d(o) = -3*o**3 - 24*o**2 + 10*o + 12. What is d(-8)?
-68
Let b(v) = v**2 - 47*v + 193. Calculate b(42).
-17
Let y(u) = -u**3 + 33*u**2 + 30*u - 152. Calculate y(34).
-288
Let d(u) = 112*u - 1440. Give d(12).
-96
Let b(x) = 43*x - 392. Calculate b(17).
339
Let p(k) = -52*k - 5806. Give p(-111).
-34
Let n(w) = 22*w - 1663. What is n(76)?
9
Let k(b) = -b**3 - 22*b**2 + 71*b - 109. Calculate k(-25).
-9
Let z(p) = 47*p - 1782. Calculate z(28).
-466
Let u(y) = 10*y**2 + 11*y + 5. Determine u(-6).
299
Let a(k) = k**3 + 132*k**2 - 19981*k + 91. Determine a(90).
1
Let u(y) = -y**3 + 12*y**2 + 158*y + 118. Give u(20).
78
Let c(s) = -s**2 - 27*s - 183. Determine c(-9).
-21
Let i(o) = -3*o + 41. Determine i(9).
14
Let j(w) = -596*w + 7788. What is j(13)?
40
Let p(d) = -3*d**3 + 28*d**2 + 98*d. What is p(-4)?
248
Let s(f) = 7*f**2 + 122*f - 38. Give s(-14).
-374
Let j(u) = -3*u**3 + 4*u**2 - 6*u + 1. What is j(-4)?
281
Let m(c) = c**3 + 16*c**2 + 3*c + 9. Calculate m(-16).
-39
Let p(a) = -3*a**3 - 9*a**2 + 36*a + 99. Calculate p(-3).
-9
Let o(l) = -9*l + 173. Calculate o(5).
128
Let p(m) = 283*m + 18962. What is p(-67)?
1
Let v(s) = -372*s + 17068. Determine v(46).
-44
Let l(n) = 2*n**2 + 7*n - 18. What is l(-6)?
12
Let s(l) = l**3 + 18*l**2 + 15*l + 230. What is s(-17)?
264
Let c(d) = -d**3 + 6*d**2 + 74*d + 7. Give c(-7).
126
Let g(m) = -198*m + 4827. Give g(22).
471
Let o(m) = -745*m - 39484. Determine o(-53).
1
Let y(g) = 8*g - 219. Calculate y(28).
5
Let i(y) = -7*y**2 - 205*y + 431. What is i(2)?
-7
Let f(i) = 2*i**3 - 5*i**2 - 6*i + 1. Calculate f(3).
-8
Let v(f) = -f**2 - 20*f + 24. Give v(-24).
-72
Let v(x) = 3*x**2 - 75*x - 107. Give v(26).
-29
Let p(q) = -q**2 - 4*q + 101. Calculate p(-13).
-16
Let f(o) = -o**3 + 21*o**2 + 38*o + 2. Determine f(22).
354
Let n(m) = -3*m**2 - 69*m + 5. What is n(-23)?
5
Let h(q) = -q**2 - 5*q + 1486. Determine h(-42).
-68
Let j(p) = 3*p**2 - 223*p - 835. What is j(78)?
23
Let j(h) = -15*h - 1311. What is j(-88)?
9
Let r(w) = -3*w**3 + 9*w**2 - 33*w + 29. Calculate r(3).
-70
Let p(w) = w**3 - 34*w**2 + 41*w + 839. Calculate p(32).
103
Let w(f) = f + 502. Determine w(-10).
492
Let n(u) = 139*u + 14. Determine n(-2).
-264
Let q(v) = 44*v + 358. What is q(-8)?
6
Let g(z) = 12*z - 130. Give g(11).
2
Let j(g) = g**3 + 25*g**2 + 113*g + 1540. What is j(-23)?
-1
Let i(t) = 20*t + 131. Give i(-9).
-49
Let o(h) = -h**3 + 44*h**2 - 114*h - 77. Determine o(41).
292
Let v(m) = -m**3 + 3*m**2 - 21*m - 54. Give v(-2).
8
Let w(v) = -8*v**3 - v**2 - 5*v + 6. What is w(1)?
-8
Let p(j) = -25*j - 751. Determine p(-27).
-76
Let n(x) = -158*x - 2842. Give n(-18).
2
Let b(t) = -t**3 - 9*t**2 + 14. Calculate b(-5).
-86
Let y(d) = -5*d**2 + 23*d - 26. Determine y(7).
-110
Let p(w) = -271*w - 19783. Calculate p(-73).
0
Let x(g) = g**3 + 26*g**2 + 33*g - 415. Give x(-24).
-55
Let y(n) = -2*n**3 + 62*n**2 + 54*n + 323. What is y(32)?
3
Let p(z) = -4*z**2 + 137*z + 28511. Calculate p(-69).
14
Let m(j) = 579*j - 572. Determine m(1).
7
Let a(m) = -28*m - 1711. Determine a(-62).
25
Let f(r) = -516*r**2 + 9*r - 9. What is f(1)?
-516
Let d(x) = 428*x + 16. Determine d(0).
16
Let k(p) = p**2 + 2*p - 158. What is k(12)?
10
Let k(p) = 3*p**3 + 3*p**2 - 15*p - 60. Calculate k(-4).
-144
Let y(k) = 15*k - 47. Calculate y(7).
58
Let d(x) = -2843*x + 11379. What is d(4)?
7
Let g(w) = -11*w + 135. Give g(-58).
773
Let l(a) = -242*a - 489. Determine l(-2).
-5
Let k(t) = -5*t**3 - 81*t**2 - 55*t - 36. Determine k(-16).
588
Let q(i) = -i**2 + 654*i - 30183. What is q(50)?
17
Let d(h) = -h**3 - 13*h**2 - 49*h - 299. Calculate d(-11).
-2
Let k(w) = 5*w**2 + 188*w + 2021. Give k(-10).
641
Let a(q) = 12*q - 42. Determine a(5).
18
Let j(q) = 17*q**2 + 29*q - 1732. Give j(-11).
6
Let m(d) = d**3 - 50*d**2 - 175*d + 3694. Calculate m(52).
2
Let y(a) = a**2 + 57*a + 705. Give y(-18).
3
Let m(q) = -115*q + 14608. Determine m(127).
3
Let a(l) = 4*l**3 + 27*l**2 + 55*l + 12. Determine a(-4).
-32
Let q(d) = d**2 + 13*d - 166. Give q(-21).
2
Let q(k) = -9*k**2 - 14*k - 52. Calculate q(-8).
-516
Let g(h) = -7*h - 177. Give g(-26).
5
Let o(s) = -2*s**2 - 41*s + 78. Calculate o(2).
-12
Let c(n) = n**3 + 8*n + 3. Calculate c(4).
99
Let l(c) = 42*c - 5. Calculate l(-9).
-383
Let n(g) = -2*g**3 - 22*g**2 - 449*g - 4908. Determine n(-11).
31
Let r(x) = 2*x**2 + 59*x - 39. What is r(-39)?
702
Let u(d) = -d**2 - 4*d + 836. Give u(27).
-1
Let p(l) = -420*l - 11479. What is p(-27)?
-139
Let i(g) = 510*g - 8. Calculate i(0).
-8
Let q(a) = 4960*a + 14886. Calculate q(-3).
6
Let n(q) = 151*q - 200. What is n(1)?
-49
Let n(v) = -621*v - 564. Calculate n(-1).
57
Let c(j) = -169*j + 1032. Calculate c(6).
18
Let u(n) = n**2 - 79*n + 918. Calculate u(65).
8
Let w(y) = -y**3 + 4*y**2 + 11*y + 13. Calculate w(6).
7
Let o(c) = 896*c + 81521. Determine o(-91).
-15
Let m(l) = -l**3 - 21*l**2 - 16*l - 331. What is m(-21)?
5
Let b(q) = 5*q**2 - 255*q - 42. Give b(51).
-42
Let p(f) = -262*f + 501. Calculate p(2).
-23
Let s(x) = -2*x**2 - 467*x + 930. Give s(2).
-12
Let v(c) = 7*c - 236. Determine v(33).
-5
Let w(t) = -2*t**3 - 25*t**2 - 58*t - 923. What is w(-13)?
0
Let h(z) = -z**2 - 44*z - 132. What is h(-3)?
-9
Let f(w) = -w**3 - 21*w**2 - 101*w + 74. What is f(-10)?
-16
Let w(s) = s**3 + 13*s**2 + 57*s + 183. Give w(-9).
-6
Let f(p) = p**3 - 20*p**2 - 306*p - 96. What is f(30)?
-276
Let l(h) = 2*h**3 - 7*h**2 - 12*h + 12. Give l(-2).
-8
Let v(t) = 38*t**3 - 4*t**2 + 5*t - 2. Give v(1).
37
Let k(c) = -158*c - 11. Calculate k(-1).
147
Let j(g) = g**3 - 94*g**2 - 196*g + 394. Calculate j(96).
10
Let s(p) = p**3 - 7*p**2 + 34*p - 476. Determine